rue
Is 1098 a multiple of 6?
True
Is 16 a factor of 86513?
False
Is 294 a multiple of 14?
True
Does 106 divide 23744?
True
Is 374 a multiple of 30?
False
Does 15 divide 780?
True
Is 828 a multiple of 18?
True
Is 4078 a multiple of 4?
False
Is 21 a factor of 1698?
False
Is 1054 a multiple of 45?
False
Does 32 divide 288?
True
Does 5 divide 175?
True
Is 62 a factor of 496?
True
Does 102 divide 15979?
False
Is 4381 a multiple of 13?
True
Is 3286 a multiple of 53?
True
Does 55 divide 4125?
True
Does 104 divide 10149?
False
Does 10 divide 407?
False
Does 6 divide 872?
False
Does 77 divide 462?
True
Is 27777 a multiple of 197?
True
Is 67923 a multiple of 29?
False
Is 9052 a multiple of 202?
False
Does 15 divide 318?
False
Does 134 divide 37402?
False
Is 2 a factor of 317?
False
Is 809 a multiple of 12?
False
Is 1246 a multiple of 30?
False
Does 5 divide 167?
False
Is 8 a factor of 88?
True
Is 14040 a multiple of 120?
True
Does 44 divide 3432?
True
Does 26 divide 7384?
True
Is 26133 a multiple of 281?
True
Is 63 a factor of 2898?
True
Is 147 a factor of 18522?
True
Is 59 a factor of 354?
True
Does 22 divide 506?
True
Is 77 a factor of 1234?
False
Is 16 a factor of 374?
False
Is 6 a factor of 1738?
False
Is 43461 a multiple of 33?
True
Is 36780 a multiple of 60?
True
Is 1296 a multiple of 36?
True
Is 51 a factor of 27124?
False
Does 11 divide 3553?
True
Is 1580 a multiple of 20?
True
Is 4664 a multiple of 53?
True
Is 39 a factor of 3003?
True
Is 191 a factor of 10314?
True
Is 394 a multiple of 10?
False
Does 5 divide 1182?
False
Is 227 a multiple of 17?
False
Is 3872 a multiple of 26?
False
Is 32 a factor of 3738?
False
Is 59 a factor of 2247?
False
Does 102 divide 31507?
False
Is 132 a multiple of 14?
False
Is 28 a factor of 11826?
False
Does 13 divide 234?
True
Is 136 a factor of 567?
False
Is 8 a factor of 1731?
False
Is 3356 a multiple of 187?
False
Is 1012 a multiple of 44?
True
Is 281 a multiple of 22?
False
Does 8 divide 1785?
False
Is 15 a factor of 27705?
True
Is 42700 a multiple of 28?
True
Is 756 a multiple of 54?
True
Is 3 a factor of 179?
False
Does 39 divide 6747?
True
Is 38 a factor of 50794?
False
Is 17037 a multiple of 9?
True
Is 4004 a multiple of 143?
True
Is 185 a factor of 12899?
False
Is 37 a factor of 9328?
False
Is 9 a factor of 6440?
False
Is 42 a factor of 1522?
False
Is 392 a multiple of 4?
True
Does 31 divide 248?
True
Is 341 a multiple of 11?
True
Does 52 divide 14508?
True
Is 3237 a multiple of 35?
False
Is 310 a multiple of 31?
True
Does 50 divide 106286?
False
Is 68688 a multiple of 8?
True
Is 70 a multiple of 10?
True
Does 76 divide 2204?
True
Is 8 a factor of 863?
False
Does 7 divide 521?
False
Is 16294 a multiple of 17?
False
Does 13 divide 230?
False
Is 994 a multiple of 3?
False
Does 130 divide 19206?
False
Is 4474 a multiple of 97?
False
Is 16 a factor of 2141?
False
Is 5811 a multiple of 149?
True
Does 30 divide 216?
False
Is 500 a multiple of 20?
True
Does 14 divide 4678?
False
Does 6 divide 3612?
True
Is 117 a factor of 2227?
False
Is 56 a multiple of 7?
True
Is 23 a factor of 19918?
True
Does 19 divide 5453?
True
Is 538 a multiple of 26?
False
Is 8 a factor of 344?
True
Is 101 a factor of 28422?
False
Is 112 a factor of 43009?
False
Is 1052 a multiple of 15?
False
Does 12 divide 1212?
True
Is 265 a multiple of 53?
True
Is 4225 a multiple of 7?
False
Is 461 a multiple of 20?
False
Is 53 a factor of 848?
True
Is 3463 a multiple of 112?
False
Does 7 divide 1001?
True
Does 15 divide 65341?
False
Is 5 a factor of 593?
False
Is 13 a factor of 1685?
False
Is 416 a multiple of 13?
True
Does 71 divide 1641?
False
Does 24 divide 2271?
False
Is 2 a factor of 54?
True
Is 892 a multiple of 21?
False
Is 9 a factor of 1893?
False
Does 12 divide 624?
True
Is 67302 a multiple of 26?
False
Does 9 divide 648?
True
Is 79 a multiple of 5?
False
Does 15 divide 7500?
True
Does 119 divide 8025?
False
Is 5 a factor of 1601?
False
Does 10 divide 250?
True
Is 2791 a multiple of 10?
False
Does 51 divide 314?
False
Is 389 a multiple of 9?
False
Does 9 divide 10866?
False
Is 240 a multiple of 56?
False
Is 17 a factor of 327?
False
Is 89 a factor of 2047?
True
Is 60 a factor of 1023?
False
Is 29 a factor of 354?
False
Does 252 divide 16884?
True
Is 13 a factor of 22698?
True
Does 14 divide 88928?
True
Is 15084 a multiple of 18?
True
Does 14 divide 1512?
True
Is 37 a factor of 1998?
True
Does 15 divide 75?
True
Is 3816 a multiple of 24?
True
Does 81 divide 35811?
False
Is 61 a multiple of 4?
False
Is 3959 a multiple of 19?
False
Is 7011 a multiple of 57?
True
Is 10 a factor of 70?
True
Does 8 divide 2674?
False
Is 695 a multiple of 5?
True
Is 2 a factor of 1584?
True
Does 4 divide 4456?
True
Is 1562 a multiple of 11?
True
Is 2910 a multiple of 52?
False
Is 106 a factor of 783?
False
Is 5724 a multiple of 6?
True
Does 56 divide 10210?
False
Does 187 divide 123233?
True
Is 24 a factor of 2832?
True
Does 21 divide 525?
True
Is 10 a factor of 9625?
False
Is 2308 a multiple of 49?
False
Does 9 divide 178?
False
Is 4536 a multiple of 8?
True
Is 22 a factor of 506?
True
Is 16 a factor of 4359?
False
Is 34 a factor of 12511?
False
Is 87 a factor of 54375?
True
Does 157 divide 33912?
True
Is 5 a factor of 1620?
True
Is 652 even?
True
Does 56 divide 15667?
False
Does 5 divide 355?
True
Does 185 divide 7075?
False
Is 10 a factor of 88?
False
Is 5 a factor of 4515?
True
Is 3420 a multiple of 30?
True
Does 6 divide 392?
False
Is 28 a factor of 4816?
True
Is 350 a multiple of 14?
True
Does 10 divide 47770?
True
Does 24 divide 96?
True
Is 22656 a multiple of 32?
True
Is 19 a factor of 2413?
True
Is 35 a factor of 4356?
False
Is 350 a multiple of 24?
False
Is 90 a factor of 540?
True
Is 20 a factor of 15440?
True
Does 5 divide 270?
True
Is 552 a multiple of 23?
True
Is 28 a factor of 926?
False
Is 59 a factor of 260?
False
Is 15 a factor of 915?
True
Does 15 divide 855?
True
Is 6586 a multiple of 79?
False
Is 252 a multiple of 14?
True
Is 57 a factor of 28023?
False
Is 58176 a multiple of 32?
True
Is 103 a factor of 33887?
True
Is 326 a multiple of 9?
False
Does 13 divide 1915?
False
Is 6 a factor of 983?
False
Is 255 a multiple of 38?
False
Does 8 divide 224?
True
Is 40 a factor of 440?
True
Is 10 a factor of 100?
True
Does 31 divide 4743?
True
Does 161 divide 41216?
True
Does 12 divide 469?
False
Is 18 a factor of 108?
True
Is 5 a factor of 940?
True
Is 3636 a multiple of 5?
False
Does 4 divide 274?
False
Does 8 divide 402?
False
Is 11 a factor of 1221?
True
Does 16 divide 17632?
True
Is 9317 a multiple of 40?
False
Does 37 divide 7474?
True
Is 3901 a multiple of 39?
False
Does 15 divide 135?
True
Does 30 divide 3990?
True
Is 27 a factor of 945?
True
Is 19161 a multiple of 417?
False
Is 12 a factor of 665?
False
Is 40 a factor of 3360?
True
Is 7896 a multiple of 84?
True
Is 104 a factor of 18848?
False
Does 41 divide 225?
False
Is 43 a factor of 3115?
False
Is 33 a factor of 4629?
False
Is 2241 a multiple of 68?
False
Is 12 a factor of 3052?
False
Is 9 a factor of 728?
False
Does 14 divide 64190?
True
Is 289 a multiple of 3?
False
Is 26 a factor of 1040?
True
Is 46332 a multiple of 81?
True
Does 98 divide 52408?
False
Does 71 divide 3402?
False
Does 8 divide 57836?
False
Does 18 divide 57749?
False
Is 8 a factor of 3974?
False
Is 4512 a multiple of 141?
True
Is 17 a factor of 595?
True
Is 8345 a multiple of 60?
False
Does 15 divide 66750?
True
Is 9468 a multiple of 12?
True
Does 148 divide 5032?
True
Is 53 a factor of 3710?
True
Is 8 a factor of 2829?
False
Is 21131 a multiple of 17?
True
Does 3 divide 423?
True
Is 3666 a multiple of 81?
False
Does 12 divide 729?
False
Is 5859 a multiple of 9?
True
Is 708 a multiple of 6?
True
Is 2153 a multiple of 18?
False
Is 3756 a multiple of 9?
False
Does 44 divide 3275?
False
Is 5737 a multiple of 25?
False
Does 119 divide 2866?
False
Does 4 divide 33?
False
Does 34 divide 4913?
False
Does 13 divide 6851?
True
Is 6 a factor of 504?
True
Does 9 divide 4858?
False
Is 9 a factor of 1219?
False
Is 9426 a multiple of 6?
True
Is 31 a factor of 386?
False
Is 35 a multiple of 3?
False
Is 912 a multiple of 44?
False
Is 24870 a multiple of 3?
True
Is 324 a multiple of 7?
False
Is 777 a multiple of 7?
True
Is 13 a factor 